base 16) to base 6.
-1024513
Convert 1b65cc (base 14) to base 7.
11212245
What is -d2117 (base 15) in base 13?
-1a3983
1000011111100101101 (base 2) to base 11
180116
-4133677 (base 9) to base 15
-2d8ee4
Convert 184902 (base 13) to base 12.
255090
Convert 332505 (base 9) to base 3.
101002120012
-51712b (base 12) to base 2
-100110111110011110011
What is 5664130 (base 7) in base 2?
10101100000110100111
1233030331 (base 4) to base 16
6f33d
Convert 101001000111001011 (base 2) to base 13.
5b856
Convert -1015603 (base 10) to base 2.
-11110111111100110011
What is -3000003010 (base 5) in base 7?
-100543556
What is -805a3 (base 14) in base 12?
-12a603
Convert 20440214 (base 5) to base 10.
171309
Convert 25162 (base 7) to base 14.
25a2
What is -4230423 (base 6) in base 7?
-1516143
What is 121112201222 (base 3) in base 9?
545658
1a552 (base 12) to base 10
38798
2e25 (base 16) to base 9
17175
What is -2aa611 (base 12) in base 15?
-e4421
Convert 153b1 (base 13) to base 6.
510033
-cb117 (base 15) to base 9
-1182534
-6192b (base 14) to base 3
-102221102022
-710434 (base 8) to base 9
-385578
-12013001113 (base 4) to base 5
-402222443
16106343 (base 8) to base 10
3706083
Convert 84844 (base 12) to base 4.
222132310
102101100102220 (base 3) to base 14
b36919
-429324 (base 10) to base 2
-1101000110100001100
What is 519247 (base 10) in base 15?
a3cb7
Convert 141061 (base 9) to base 5.
10223302
Convert 13032022200 (base 4) to base 10.
1893024
What is 557313 (base 9) in base 5?
41132113
Convert -22202433 (base 5) to base 9.
-325246
Convert 4894950 (base 11) to base 9.
17014435
What is -144001300 (base 5) in base 9?
-1386456
1011210222102 (base 3) to base 8
2307023
-900a1 (base 13) to base 9
-431705
-21310345 (base 6) to base 5
-130200124
What is 13540623 (base 10) in base 11?
77092a8
Convert -12139c (base 14) to base 13.
-188472
What is 662421 (base 8) in base 15?
45dc1
-1663234 (base 7) to base 13
-826ba
2104664 (base 8) to base 15
b0bca
Convert -12320132 (base 4) to base 9.
-42602
-80662 (base 14) to base 2
-1001011010101101110
123100212 (base 4) to base 15
23139
Convert -11010101110010001001 (base 2) to base 11.
-548992
Convert 1320312103 (base 4) to base 8.
1706623
What is -1c74b (base 16) in base 10?
-116555
What is -44321412 (base 6) in base 5?
-320121111
Convert 10100010110110010101110 (base 2) to base 8.
24266256
3311341 (base 6) to base 10
164941
-222628 (base 9) to base 11
-91082
What is -305451 (base 9) in base 13?
-645c7
What is -d34ed (base 16) in base 9?
-1558235
-3767716 (base 10) to base 11
-2143817
What is -54769 (base 15) in base 14?
-6dac3
What is 26a90 (base 12) in base 15?
10c43
1275ab (base 15) to base 13
2500b2
What is -1167235 (base 10) in base 13?
-31b394
31241411 (base 5) to base 9
434226
What is 41792 (base 14) in base 15?
31bc3
16510722 (base 8) to base 13
a4516c
cb8a9 (base 14) to base 3
221001010022
What is -51503114 (base 7) in base 15?
-5a5228
Convert 32230301013 (base 4) to base 12.
1359b73
-2c2d2 (base 14) to base 2
-11010111100000000
What is -105610 (base 15) in base 3?
-1110111200120
Convert 3130 (base 14) to base 15.
279a
What is 134ba0 (base 16) in base 4?
10310232200
-556534 (base 7) to base 5
-11121433
545714 (base 8) to base 2
101100101111001100
4600a (base 12) to base 7
536035
Convert -2b1a335 (base 13) to base 14.
-1b8d191
What is 61a120 (base 12) in base 8?
5656450
What is -110000001000111000 (base 2) in base 4?
-300020320
Convert -1167892 (base 10) to base 3.
-2012100001021
9526a3 (base 14) to base 7
60555563
What is 1496471 (base 10) in base 4?
11231112113
2203101322 (base 4) to base 15
d3264
Convert -13a5c2 (base 14) to base 10.
-681662
Convert -10233545 (base 7) to base 12.
-358b6b
What is -10101010111110100 (base 2) in base 6?
-1513140
233300211322 (base 4) to base 6
1124202014
100010011100011 (base 2) to base 7
102262
Convert -178bb (base 14) to base 15.
-128c2
Convert -4668875 (base 9) to base 5.
-1121312342
What is 596204 (base 15) in base 4?
100103100310
Convert -1725384 (base 9) to base 2.
-11101010110101001110
Convert -ad92 (base 14) to base 4.
-13112210
-5a8228 (base 11) to base 12
-3a5075
Convert -173649 (base 10) to base 2.
-101010011001010001
-21503250 (base 6) to base 11
-401517
Convert 101211220101220 (base 3) to base 15.
78d336
Convert -101573 (base 8) to base 4.
-20031323
What is 242481 (base 10) in base 8?
731461
What is 4e3f99 (base 16) in base 13?
10a7195
Convert -46389 (base 16) to base 5.
-33201000
-52066 (base 12) to base 9
-173056
Convert 2e819 (base 15) to base 16.
24b34
22412501 (base 6) to base 13
1b0445
Convert 1404244214 (base 5) to base 3.
20202021000221
Convert 38428 (base 10) to base 16.
961c
Convert 47297 (base 10) to base 16.
b8c1
What is 102748 (base 9) in base 8?
167276
603737 (base 8) to base 9
332412
2471893 (base 11) to base 14
7da30a
What is -50347653 (base 8) in base 5?
-10203320314
What is -a6c697 (base 13) in base 6?
-215502102
What is 202242242 (base 5) in base 13?
229c4b
What is 2200222212102 (base 3) in base 10?
1436762
What is -10120004 (base 5) in base 9?
-135151
What is 43341022 (base 5) in base 8?
1325273
What is 37537626 (base 8) in base 16?
7ebf96
What is 78744a (base 11) in base 16?
1323c4
Convert 11d865 (base 15) to base 9.
1543805
-150314340 (base 6) to base 10
-3104916
Convert -10513595 (base 10) to base 3.
-201210010221102
What is -110051 (base 11) in base 6?
-3433352
What is -1100200002120 (base 3) in base 8?
-2601563
Convert 4248b (base 12) to base 15.
1ac08
3d65e (base 16) to base 2
111101011001011110
Convert -c8edbc (base 15) to base 12.
-3254b50
What is 22d8e (base 15) in base 11?
76493
What is -210011010011 (base 3) in base 13?
-117676
-1100111100100101000 (base 2) to base 3
-210112221022
-10113101232 (base 4) to base 11
-711496
Convert -3020320202 (base 4) to base 11.
-512217
Convert -403611 (base 9) to base 12.
-b62a7
What is -397564 (base 13) in base 6?
-45422214
121122322023 (base 4) to base 6
354455003
What is -18a88c (base 16) in base 6?
-54345312
What is 1282622 (base 11) in base 16?
21c93b
Convert 10111111011000000100010 (base 2) to base 10.
6271010
What is -22eb86 (base 16) in base 12?
-92445a
What is -10768 (base 15) in base 6?
-1042042
-7387323 (base 9) to base 10
-3955089
Convert -1054400 (base 7) to base 5.
-13144342
What is -18353511 (base 9) in base 16?
-8d194b
Convert 110100010101110001101 (base 2) to base 10.
1715085
Convert -101303300030 (base 4) to base 7.
-54452402
Convert -11000001110001110010 (base 2) to base 11.
-4a2369
What is 303021325 (base 7) in base 15?
183a641
2644211 (base 7) to base 6
11235302
1629549 (base 10) to base 5
404121144
Convert -12603864 (base 9) to base 4.
-113222122132
-134443 (base 11) to base 16
-3378d
What is 8884a (base 11) in base 2?
11111011100011110
What is -10100011010110010 (base 2) in base 15?
-19ba9
16c419 (base 13) to base 9
1057453
What is 2130 (base 11) in base 9?
3768
What is 8356113 (base 9) in base 16?
44251b
What is 110302221333 (base 4) in base 5?
2343402432
Convert 51150 (base 7) to base 15.
3a3c
What is -8560272 (base 9) in base 7?
-53661221
771468 (base 9) to base 14
bdac9
What is -cc43ce (base 16) in base 9?
-27163083
-560575 (base 9) to base 6
-11103152
Convert 9c3a46 (base 13) to base 4.
32011202210
Convert 151a00 (base 11) to base 3.
110000211021
What is 1bbe6 (base 16) in base 14?
2d5b0
4013594 (base 12) to base 3
211112011200211
Convert -20344 (base 15) to base 6.
-2104101
What is -125425050 (base 6) in base 3?
-11201101202010
Convert 5655632 (base 7) to base 14.
144352
What is 5547105 (base 8) in base 2?
101101100111001000101
What is 23114330 (base 5) in base 14?
5586d
-224044006 (base 7) to base 13
-2aa2a1b
What is -1023112200 (base 4) in base 13?
-aa637
Convert 5417564 (base 8) to base 15.
1d98b4
What is 566411 (base 8) in base 16?
2ed09
-10001111100000 (base 2) to base 11
-699a
What is 2043401104 (base 5) in base 2?
10000010100100000000111
Convert 153dc (base 14) to base 3.
2200120221
Convert -62707 (base 13) to base 15.
-3766a
13031033210 (base 4) to base 15
274ba2
What is -10021033200 (base 4) in base 8?
-4111740
876393 (base 10) to base 6
30441213
-42502502 (base 7) to base 13
-997229
What is -30430440 (base 5) in base 16?
-3cc26
Convert 461 (base 10) to base 9.
562
7e3c8 (bas